ist the prime factors of 66492827.
47, 1414741
What are the prime factors of 45286370?
2, 5, 353, 12829
What are the prime factors of 186443458?
2, 313, 297833
What are the prime factors of 3768878644?
2, 17863, 52747
What are the prime factors of 813989853?
3, 131, 690407
List the prime factors of 5854761540.
2, 3, 5, 10842151
What are the prime factors of 189605237?
19, 2239, 4457
What are the prime factors of 5198907234?
2, 3, 14293, 60623
List the prime factors of 511142143.
1303, 392281
List the prime factors of 4018091221.
137, 4999, 5867
What are the prime factors of 14827008?
2, 3, 7, 197
What are the prime factors of 161139597?
3, 5413, 9923
What are the prime factors of 5486155369?
5486155369
List the prime factors of 167468853.
3, 17, 419, 461
List the prime factors of 489045553.
31, 15775663
What are the prime factors of 343485443?
7, 79, 89, 997
What are the prime factors of 561212272?
2, 19, 1846093
What are the prime factors of 721664625?
3, 5, 11, 137, 1277
List the prime factors of 29512506.
2, 3, 373, 13187
List the prime factors of 3319236.
2, 3, 137, 673
List the prime factors of 126102896.
2, 83, 269, 353
List the prime factors of 23368280.
2, 5, 13, 44939
List the prime factors of 135053731.
135053731
What are the prime factors of 671603307?
3, 557, 401917
What are the prime factors of 83009757?
3, 619, 44701
List the prime factors of 40501957.
79, 512683
What are the prime factors of 121583396?
2, 11, 101, 109, 251
What are the prime factors of 1461968732?
2, 7, 269, 194101
What are the prime factors of 500173219?
7, 13, 5496409
List the prime factors of 5835934.
2, 13, 193, 1163
List the prime factors of 91678545.
3, 5, 7, 291043
What are the prime factors of 597710358?
2, 3, 7, 29, 37, 4421
What are the prime factors of 89013026?
2, 751, 59263
List the prime factors of 480065786.
2, 8629, 27817
List the prime factors of 1766292414.
2, 3, 16061, 18329
What are the prime factors of 4225686?
2, 3, 704281
List the prime factors of 1504958.
2, 7, 13, 8269
What are the prime factors of 154567166?
2, 13, 19, 139, 2251
What are the prime factors of 8751809066?
2, 7, 11, 13, 17, 137, 1877
What are the prime factors of 6889886?
2, 41, 73, 1151
What are the prime factors of 203979325?
5, 11, 283, 2621
What are the prime factors of 60215234?
2, 457, 65881
List the prime factors of 767071744.
2, 59, 67, 379
What are the prime factors of 3568742018?
2, 28789, 61981
What are the prime factors of 8712220?
2, 5, 11, 199
List the prime factors of 1703167067.
7, 1061, 229321
List the prime factors of 4777208.
2, 19, 53, 593
What are the prime factors of 20222583?
3, 6740861
List the prime factors of 140158318.
2, 70079159
List the prime factors of 1058343600.
2, 3, 5, 881953
List the prime factors of 2046872062.
2, 11783, 86857
What are the prime factors of 495352774?
2, 7, 35382341
What are the prime factors of 910931328?
2, 3, 790739
What are the prime factors of 43173949?
7, 13, 67777
List the prime factors of 247679177.
247679177
What are the prime factors of 1969884689?
32027, 61507
What are the prime factors of 74867667?
3, 7, 3565127
What are the prime factors of 80245544?
2, 47, 457, 467
List the prime factors of 138493554.
2, 3, 31, 24019
What are the prime factors of 5189376784?
2, 47, 6900767
List the prime factors of 1801592858.
2, 13, 69292033
List the prime factors of 1183543183.
5821, 203323
What are the prime factors of 9327694?
2, 4663847
What are the prime factors of 91069178?
2, 229, 198841
List the prime factors of 94894144.
2, 443, 3347
List the prime factors of 562674100.
2, 5, 5626741
List the prime factors of 321811638.
2, 3, 241, 222553
List the prime factors of 130227963.
3, 43409321
List the prime factors of 1090150092.
2, 3, 17, 31, 37, 1553
List the prime factors of 29133997.
1291, 22567
What are the prime factors of 5196513339?
3, 12113, 15889
What are the prime factors of 443420109?
3, 11, 135727
List the prime factors of 1390107525.
3, 5, 3433, 5399
List the prime factors of 5475322350.
2, 3, 5, 1499, 8117
List the prime factors of 416298319.
416298319
List the prime factors of 6312155904.
2, 3, 913217
What are the prime factors of 451376542?
2, 37, 127, 48029
What are the prime factors of 2507919257?
2507919257
What are the prime factors of 1503950224?
2, 7, 13428127
What are the prime factors of 286450251?
3, 19, 59, 4483
List the prime factors of 114345583.
11, 241, 43133
List the prime factors of 18608774.
2, 9304387
What are the prime factors of 995579794?
2, 11, 23, 37, 41, 1297
What are the prime factors of 35281362?
2, 3, 127, 46301
What are the prime factors of 434878766?
2, 7, 31062769
List the prime factors of 24051493.
439, 54787
List the prime factors of 147589480.
2, 5, 479, 7703
List the prime factors of 594847753.
594847753
What are the prime factors of 5862884194?
2, 2931442097
List the prime factors of 112076564.
2, 113, 247957
What are the prime factors of 2052182051?
31, 66199421
What are the prime factors of 734652893?
13, 43, 367, 3581
What are the prime factors of 183492037?
881, 208277
List the prime factors of 13578044.
2, 269, 12619
List the prime factors of 378851042.
2, 1237, 153133
List the prime factors of 470898798.
2, 3, 113, 694541
List the prime factors of 332628076.
2, 11, 37, 59, 3463
List the prime factors of 4063506330.
2, 3, 5, 13, 2207, 4721
List the prime factors of 62117997.
3, 3821, 5419
What are the prime factors of 2954791482?
2, 3, 9533, 51659
What are the prime factors of 8901508?
2, 7, 11, 28901
What are the prime factors of 1049194815?
3, 5, 61, 1146661
List the prime factors of 52980064.
2, 1655627
List the prime factors of 2722470811.
2722470811
What are the prime factors of 2396455043?
41, 179, 326537
What are the prime factors of 349770865?
5, 1181, 59233
What are the prime factors of 152278084?
2, 7, 19, 103, 397
List the prime factors of 1436975457.
3, 31, 2917, 5297
What are the prime factors of 646873661?
7, 193, 478811
What are the prime factors of 24938567?
53, 470539
What are the prime factors of 394994652?
2, 3, 13, 419, 6043
List the prime factors of 3372204655.
5, 674440931
List the prime factors of 227756144.
2, 7, 11, 223, 829
List the prime factors of 619205.
5, 59, 2099
What are the prime factors of 1668168145?
5, 7, 47661947
List the prime factors of 13763611.
13763611
What are the prime factors of 442899584?
2, 1153, 3001
What are the prime factors of 23773690?
2, 5, 83, 28643
What are the prime factors of 68856062?
2, 11, 3129821
List the prime factors of 155437478.
2, 7, 41, 270797
What are the prime factors of 199937390?
2, 5, 23, 869293
What are the prime factors of 1344738127?
157, 8565211
List the prime factors of 91506253.
79, 1158307
List the prime factors of 2186248469.
83, 26340343
What are the prime factors of 59062753?
59062753
List the prime factors of 1193428984.
2, 11, 41, 53, 79
List the prime factors of 120976163.
7, 11, 233, 613
What are the prime factors of 896133382?
2, 149, 3007159
List the prime factors of 100062100.
2, 5, 1000621
List the prime factors of 37349499.
3, 11, 43, 26321
What are the prime factors of 233893354?
2, 37, 139, 22739
List the prime factors of 1274262103.
613, 2078731
List the prime factors of 156494757.
3, 83, 628493
What are the prime factors of 278215779?
3, 92738593
What are the prime factors of 47529133?
47529133
List the prime factors of 29039090.
2, 5, 2903909
What are the prime factors of 2866871128?
2, 11, 83, 4729
List the prime factors of 213812780.
2, 5, 10690639
List the prime factors of 8828087.
31, 284777
List the prime factors of 315455836.
2, 557, 141587
List the prime factors of 101965502.
2, 50982751
What are the prime factors of 128123436?
2, 3, 7, 193, 1129
What are the prime factors of 263538112?
2, 4117783
List the prime factors of 99774770.
2, 5, 1931, 5167
List the prime factors of 36437026.
2, 18218513
What are the prime factors of 224273957?
227, 987991
List the prime factors of 34531265.
5, 19, 103, 3529
List the prime factors of 1157676241.
101, 11462141
List the prime factors of 198170669.
198170669
What are the prime factors of 2055119997?
3, 7, 53, 1846469
List the prime factors of 67809629.
4441, 15269
List the prime factors of 2863893.
3, 787, 1213
What ar